{"id":157,"date":"2024-03-12T11:44:47","date_gmt":"2024-03-12T10:44:47","guid":{"rendered":"https:\/\/sabi-escrime.fr\/?page_id=157"},"modified":"2024-03-15T23:31:37","modified_gmt":"2024-03-15T22:31:37","slug":"devenez-partenaire","status":"publish","type":"page","link":"https:\/\/sabi-escrime.fr\/?page_id=157","title":{"rendered":"Devenez partenaire !"},"content":{"rendered":"\n<p><\/p>\n\n\n\n<p>Cher potentiel partenaire,<\/p>\n\n\n\n<p>Vous recherchez une opportunit\u00e9 de partenariat locale et dynamique ? Rejoignez-nous au club d&rsquo;escrime de la salle d&rsquo;armes de Bi\u00e8vre Is\u00e8re !<\/p>\n\n\n\n<p>En tant que partenaire, vous b\u00e9n\u00e9ficierez d&rsquo;une visibilit\u00e9 exceptionnelle aupr\u00e8s de notre communaut\u00e9 engag\u00e9e et passionn\u00e9e. Votre soutien contribuera directement \u00e0 l&rsquo;am\u00e9lioration de nos installations et au d\u00e9veloppement de nos programmes d&rsquo;entra\u00eenement, tout en nous permettant de promouvoir activement votre entreprise.<\/p>\n\n\n\n<p>N&rsquo;h\u00e9sitez pas \u00e0 nous contacter d\u00e8s aujourd&rsquo;hui pour explorer les diff\u00e9rentes possibilit\u00e9s de partenariat et les avantages que nous pouvons vous offrir. Ensemble, faisons de grandes choses !<\/p>\n\n\n\n<p>Le Bureau, <br>Salle d&rsquo;Armes Bi\u00e8vre Is\u00e8re<\/p>\n\n\n\n<p>salle.armes.bievre.isere@gmail.com<\/p>\n\n\n\n<p>06 83 46 79 34<\/p>\n","protected":false},"excerpt":{"rendered":"<p>Cher potentiel partenaire, Vous recherchez une opportunit\u00e9 de partenariat locale et dynamique ? Rejoignez-nous au club d&rsquo;escrime de la salle d&rsquo;armes de Bi\u00e8vre Is\u00e8re ! En tant que partenaire, vous b\u00e9n\u00e9ficierez d&rsquo;une visibilit\u00e9 exceptionnelle aupr\u00e8s de notre communaut\u00e9 engag\u00e9e et passionn\u00e9e. Votre soutien contribuera directement \u00e0 l&rsquo;am\u00e9lioration de nos installations et au d\u00e9veloppement de nos [&hellip;]<\/p>\n","protected":false},"author":1,"featured_media":0,"parent":0,"menu_order":0,"comment_status":"open","ping_status":"closed","template":"","meta":{"footnotes":""},"class_list":["post-157","page","type-page","status-publish","hentry"],"_links":{"self":[{"href":"https:\/\/sabi-escrime.fr\/index.php?rest_route=\/wp\/v2\/pages\/157","targetHints":{"allow":["GET"]}}],"collection":[{"href":"https:\/\/sabi-escrime.fr\/index.php?rest_route=\/wp\/v2\/pages"}],"about":[{"href":"https:\/\/sabi-escrime.fr\/index.php?rest_route=\/wp\/v2\/types\/page"}],"author":[{"embeddable":true,"href":"https:\/\/sabi-escrime.fr\/index.php?rest_route=\/wp\/v2\/users\/1"}],"replies":[{"embeddable":true,"href":"https:\/\/sabi-escrime.fr\/index.php?rest_route=%2Fwp%2Fv2%2Fcomments&post=157"}],"version-history":[{"count":3,"href":"https:\/\/sabi-escrime.fr\/index.php?rest_route=\/wp\/v2\/pages\/157\/revisions"}],"predecessor-version":[{"id":422,"href":"https:\/\/sabi-escrime.fr\/index.php?rest_route=\/wp\/v2\/pages\/157\/revisions\/422"}],"wp:attachment":[{"href":"https:\/\/sabi-escrime.fr\/index.php?rest_route=%2Fwp%2Fv2%2Fmedia&parent=157"}],"curies":[{"name":"wp","href":"https:\/\/api.w.org\/{rel}","templated":true}]}}